 q(y) = 5*y**2 - 3244*y + 2. Determine q(0).
2
Let r(u) = 1041*u + 7282. Give r(-7).
-5
Let j(g) = -12*g**3 - 20*g**2 + 44*g + 3. What is j(-3)?
15
Let x(r) = -r**2 + 973*r + 9806. Give x(-10).
-24
Let b(l) = -75*l + 471. What is b(7)?
-54
Let k(o) = -329*o + 21414. Calculate k(65).
29
Let t(w) = -7*w**2 + 2101*w + 3934. What is t(302)?
8
Let t(q) = 6*q**2 - 75*q - 422. Give t(15).
-197
Let h(z) = 71*z**3 + 8*z**2 - 6. What is h(-2)?
-542
Let x(r) = -r**3 - 19*r**2 + 24*r + 74. What is x(-20)?
-6
Let z(k) = -k**2 + 14*k + 162. Determine z(24).
-78
Let u(a) = -12*a + 261. Determine u(-22).
525
Let f(d) = -7*d + 106. Calculate f(-7).
155
Let z(b) = -2*b**2 + 175*b - 257. Give z(86).
1
Let b(d) = -224*d - 7389. Calculate b(-33).
3
Let v(j) = -6*j**2 + 426*j + 2765. Calculate v(77).
-7
Let j(v) = -v**2 + 13*v - 99. What is j(6)?
-57
Let h(o) = -4*o**3 + 29*o**2 - 65*o + 393. Calculate h(7).
-13
Let w(x) = -5*x**3 - 153*x**2 - 90*x + 13. Give w(-30).
13
Let c(o) = 4*o**2 + 55*o + 130. What is c(-3)?
1
Let c(t) = t**3 + 16*t**2 - 89*t - 73. Calculate c(-20).
107
Let a(t) = -21*t**3 - 4*t**2 - 9*t - 6. Determine a(-2).
164
Let x(p) = -p**2 - 550*p - 35629. Calculate x(-75).
-4
Let w(k) = 4*k**2 - 183*k - 268. Calculate w(45).
-403
Let h(p) = 612*p + 723. Calculate h(-1).
111
Let p(x) = -x**3 - 7*x**2 + 5*x + 17. What is p(-9)?
134
Let f(q) = q**3 - 5*q**2 + 24*q + 76. Give f(-2).
0
Let r(i) = 85*i + 769. Give r(-9).
4
Let a(h) = h**3 - 14*h**2 - 8*h - 50. Calculate a(15).
55
Let v(m) = 638*m - 98263. Calculate v(154).
-11
Let r(c) = 3*c**2 - 73*c + 404. Calculate r(8).
12
Let u(b) = b**2 - 2*b - 2. What is u(-5)?
33
Let b(s) = 5295*s + 5288. Give b(-1).
-7
Let g(f) = f**3 + 2*f**2 + f - 423. Give g(0).
-423
Let j(o) = o**3 + 41*o**2 - 47*o - 133. Determine j(-42).
77
Let q(i) = -i**3 - 23*i**2 + 114*i + 18. Give q(-27).
-144
Let q(h) = -158*h + 558. Give q(6).
-390
Let k(u) = -180*u - 1173. Determine k(-9).
447
Let v(a) = a**3 + a**2 - 8*a - 7. Give v(-3).
-1
Let m(p) = p**3 + 169*p**2 + 1888*p + 631. Give m(-157).
3
Let y(t) = t**2 + 10*t - 61. Calculate y(-9).
-70
Let b(x) = x**3 - 7*x**2 - 2*x + 4. Give b(-1).
-2
Let i(n) = n**2 - 157. Calculate i(-12).
-13
Let h(j) = 8*j + 35. Calculate h(-3).
11
Let j(p) = p**3 - 57*p**2 + 812*p - 36. Calculate j(27).
18
Let h(i) = 1724*i - 27610. Calculate h(16).
-26
Let m(s) = -39*s**2 - 4212*s + 5. What is m(-108)?
5
Let r(w) = 2*w**3 + 74*w**2 - 165*w - 368. What is r(-39)?
-17
Let b(l) = 33*l**3 + l**2 - 7*l - 6. What is b(-1)?
-31
Let i(w) = -w**3 + 8*w**2 + 3*w - 10. What is i(8)?
14
Let m(d) = -2*d**2 - 290*d - 9819. Give m(-91).
9
Let h(i) = -1431*i - 77273. Determine h(-54).
1
Let j(o) = o**2 - 160*o + 2023. Calculate j(14).
-21
Let n(b) = -54*b - 1109. Give n(-20).
-29
Let w(z) = 4*z**2 - 88*z + 274. Give w(18).
-14
Let t(a) = -a**3 - 9*a**2 - 14*a - 95. Determine t(-7).
-95
Let f(n) = -45*n + 326. Calculate f(-2).
416
Let t(d) = -3021*d - 42285. What is t(-14)?
9
Let p(q) = q**2 - 100*q - 1537. Determine p(-14).
59
Let g(c) = 152*c + 93. Determine g(-1).
-59
Let h(a) = -a**3 + 19*a**2 + 24*a - 308. Calculate h(19).
148
Let q(c) = c**3 + 40*c**2 - 82*c + 149. Determine q(-42).
65
Let z(b) = -b**3 + 5*b**2 + 151*b + 33. Determine z(-10).
23
Let u(b) = 3*b**3 - 49*b**2 + 40*b + 300. Determine u(15).
0
Let n(v) = 2*v**3 + 13*v**2 + 3*v + 18. Determine n(-6).
36
Let t(y) = 69*y + 1308. Determine t(-19).
-3
Let n(s) = -646*s + 2. Determine n(0).
2
Let b(y) = 97*y**3 - 2*y**2 - y + 1. Give b(2).
767
Let n(d) = 68*d + 1702. Give n(-26).
-66
Let h(a) = -15*a**3 + 3*a**2 + 4*a + 6. Calculate h(-1).
20
Let y(d) = 2*d**2 + 108*d - 201. Give y(-56).
23
Let q(k) = -k**3 + 18*k**2 + 77*k - 67. What is q(22)?
-309
Let d(l) = -l**2 + 7*l - 34. What is d(3)?
-22
Let t(m) = m**2 - 59*m + 56. Give t(58).
-2
Let a(n) = -n**2 - 29*n + 13. Give a(-30).
-17
Let y(b) = -4*b - 188. Determine y(-43).
-16
Let j(s) = -38*s + 14. Determine j(1).
-24
Let b(w) = 95*w - 2198. Calculate b(23).
-13
Let p(b) = -14*b - 194. Calculate p(-13).
-12
Let g(i) = -68*i**2 + i. What is g(-1)?
-69
Let s(m) = -1996*m - 29931. Determine s(-15).
9
Let m(j) = -75*j - 1878. Give m(-25).
-3
Let j(m) = -5*m**2 + 88*m - 297. Give j(13).
2
Let s(z) = -3*z**2 - 44*z - 28. Determine s(-9).
125
Let z(f) = f**3 - 22*f**2 + 5*f + 746. Calculate z(20).
46
Let m(p) = p**2 + 42*p - 2094. What is m(-72)?
66
Let p(x) = -50*x + 3238. What is p(63)?
88
Let p(t) = 13*t - 8. What is p(-12)?
-164
Let a(q) = 4130*q + 24882. Give a(-6).
102
Let m(n) = n**3 + 8*n**2 - 126*n - 412. What is m(-3)?
11
Let n(v) = -1232*v - 7396. Calculate n(-6).
-4
Let l(x) = -79*x**2 - 1661*x - 23. Give l(-21).
19
Let u(r) = -r**3 - 88*r**2 - 496*r - 26. Calculate u(-6).
-2
Let b(f) = -17*f**2 + f - 4. Determine b(-2).
-74
Let d(n) = -9*n + 470. What is d(53)?
-7
Let z(o) = -5*o**2 + 16*o + 16. Give z(4).
0
Let w(n) = -n**2 + 15*n - 11. What is w(5)?
39
Let z(s) = 184*s**2 - 723*s - 58. What is z(4)?
-6
Let m(p) = p**2 + 443*p + 4328. Determine m(-10).
-2
Let k(o) = -233*o + 6064. What is k(26)?
6
Let o(n) = -18*n**2 + 2*n + 24. Determine o(2).
-44
Let c(a) = -1367*a - 8190. Calculate c(-6).
12
Let f(q) = 7*q**2 - 141*q + 38. Give f(20).
18
Let f(z) = -13*z**3 + 779*z**2 + 68*z - 482. Calculate f(60).
-2
Let r(w) = w**3 - 28*w**2 + 130*w - 2782. What is r(27)?
-1
Let o(k) = k**2 - 67*k + 571. Calculate o(57).
1
Let h(q) = 8*q**3 - q**2 - 10*q - 91. Determine h(0).
-91
Let c(b) = b**3 - 19*b**2 + 58*b + 25. Calculate c(15).
-5
Let o(i) = -i**3 - 22*i**2 + 14*i - 84. What is o(-23)?
123
Let i(y) = -313*y + 3472. Give i(11).
29
Let f(b) = 292*b - 4388. Determine f(15).
-8
Let c(u) = -u**3 - 19*u**2 - 14*u - 31. Determine c(-8).
-623
Let y(q) = 917*q + 6409. Determine y(-7).
-10
Let r(i) = -i**3 + 19*i**2 - 60*i + 1184. What is r(19)?
44
Let v(t) = -3*t**2 - 52*t - 9. Calculate v(0).
-9
Let f(w) = 9*w**3 + 4*w**2 + 2*w - 3. Determine f(2).
89
Let r(s) = -3*s**2 - 8*s - 3. What is r(0)?
-3
Let u(z) = 36*z - 378. What is u(9)?
-54
Let r(w) = -w**2 - 96*w - 188. Calculate r(-94).
0
Let f(c) = c**2 - 52*c - 2141. Determine f(-27).
-8
Let z(a) = 2*a**2 + 68*a + 121. Determine z(-26).
-295
Let d(p) = 21*p**2 + 247*p - 76. Determine d(-12).
-16
Let v(i) = -17*i**3 + 221*i**2 + 33*i - 470. Give v(13).
-41
Let m(f) = 89*f - 731. Give m(8).
-19
Let i(n) = -63*n + 2769. What is i(44)?
-3
Let m(y) = -y**3 + 16*y**2 - 58*y + 1283. Determine m(17).
8
Let w(a) = -a**3 + 25*a**2 + 4*a - 80. Give w(25).
20
Let p(t) = -2*t**3 + 2*t**2 + 16*t - 27. What is p(2)?
-3
Let m(l) = -22*l**2 - 145*l + 427. What is m(3)?
-206
Let o(n) = -n**3 - 7*n**2 + 14*n + 33. Calculate o(-9).
69
Let t(x) = 2*x**3 - 14*x**2 + 11*x - 2. What is t(6)?
-8
Let l(x) = x**2 + 19*x - 171. Give l(-25).
-21
Let x(l) = -l**3 - 55*l**2 + 53*l - 490. Calculate x(-56).
-322
Let u(c) = 7*c**2 - 81*c - 733. Give u(-6).
5
Let v(d) = -143*d + 1048. Give v(7).
47
Let v(x) = -3*x**2 + 126*x + 107. Calculate v(43).
-22
Let t(k) = -2*k**2 - 30*k + 49. Give t(-15).
49
Let i(b) = b**3 + 2*b**2 - 106*b - 405. Determine i(-4).
-13
Let w(n) = -27*n**3 + 56*n**2 - 7*n + 11. What is w(2)?
5
Let h(t) = t**3 - 38*t**2 + 35*t + 64. What is h(37)?
-10
Let u(b) = -b**3 + 10*b - 14. Determine u(2).
-2
Let r(g) = g**2 - g - 142. Determine r(7).
-100
Let k(s) = -5*s**3 - 6*s**2 + 14*s + 3. What is k(4)?
-357
Let a(s) = s**3 - 14*s**2 - 39*s + 23. Give a(17).
227
Let b(p) = 11*p**2 + 39*p + 28. Determine b(-6).
190
Let r(m) = -104*m + 552. What is r(5)?
32
Let j(a) = 3*a**2 - 29*a + 72. Calculate j(4).
4
Let j(t) = t**2 + 29*t + 197. What is j(-16)?
-11
Let q(l) = l**2 - 122*l + 358. Calculate q(0).
358
Let y(j) = -641*j - 21156. What is y(-33)?
-3
Let r(u) = -u**2 + 11*u + 149. Determine r(24).
-163
Let x(z) = 5*z**2 + 20*z + 73. Determine x(-6).
133
Let x(n) = -626*n - 2495. Determine x(-4).
9
Let l(k) = k**2 - 714*k - 9437. What is l(-13)?
14
Let y(p) = -26*p**2 + 1146*p - 102. Calculate y(44).
-14
Let x(y) = 2*y**3 - 14*y**2 - 338*y - 25. Calculate x(17).
9
Let g(h) = -8*h**2 + 404*h - 38. Determine g(50).
162
Let l(u) = -10*u**2 - 39*u - 137. Determine l(-11).
-918
Let j(f) = 4*f**2 + 322*f + 4753. Give j(-61).
-5
Let r(b) = -82*b + 1980. What is r(24)?
12
Let 